?
2
What is the hundreds digit of 4/(8/(-6)) - (-134 - 13)?
1
Let n = 5 - 5. Let q = n - -8. What is the units digit of q?
8
Let z = 8 + -4. Let b = z + 7. Suppose -2*k = 5*u + k - b, -3*k = -u - 5. What is the units digit of u?
1
Let f(j) = j**3 - 16*j**2 - 3. Let d be f(16). Let o(p) = -p**3 - 5*p**2 - 5*p. Let s be o(-4). What is the units digit of ((-4)/d)/(s/6)?
2
Let d(r) = r**2 + 2*r + 1. Let a be d(-3). Suppose o = -o + a. What is the units digit of o?
2
Suppose 7 = -5*k - 23. Suppose 5*r + 132 = -318. What is the tens digit of (4/k)/(5/r)?
1
Let y = -2 - 2. Let g = 1 - y. What is the units digit of g?
5
Let h = -73 + 106. Suppose -g - t - 3*t + h = 0, 97 = 5*g + 3*t. What is the tens digit of g?
1
Let u(v) = 19*v + 17. What is the units digit of u(6)?
1
Let v(n) = 6*n**2 - 6*n + 2. What is the units digit of v(3)?
8
Suppose -5*u + u = -20. Let p be 4/(-3)*(-15)/10. What is the units digit of -2*(-1 + p) + u?
3
Suppose 4*i + 2 = -b, -3*b + 4*i + 1 = -57. Suppose -3*y + 5*k + 70 = 0, -y + 5*k = -b + 4. What is the tens digit of (-6)/y + 142/10?
1
Suppose -2*r = -4*p - 304, -4*p = -10 - 10. What is the tens digit of r?
6
Suppose -4*z + 6 - 26 = 0. Let x = z - -7. Let p(u) = 8*u - 1. What is the tens digit of p(x)?
1
Let j(t) = -t - 5. Let m be j(-9). Suppose -16 = m*b, 5*b + 36 = 4*l + b. Suppose -5*y + l = -0*y. What is the units digit of y?
1
Let t(i) = -3*i + 4 + i**2 + 4*i - 2*i**2 + 4. Let f be t(0). What is the units digit of 16/10*20/f?
4
Suppose 2*z = k - 5, 0 = z + k - 2*k + 5. What is the units digit of (-7)/(14/(-8)) - z?
4
Let f(p) be the first derivative of -p**4/4 + 4*p**3/3 - p**2 + 1. Suppose -2 = 3*s - 3*z + 1, 0 = 5*s + 3*z - 27. What is the units digit of f(s)?
3
Suppose -146 = -4*y + 106. What is the units digit of y?
3
Let s = -43 - -44. What is the units digit of s?
1
What is the units digit of 10/(-35) - 825/(-21)?
9
Let u be (-66)/(-10) - (-6)/15. Let i = u - 4. Suppose 7 = i*d - 17. What is the units digit of d?
8
Let f be (3/(-9))/((-1)/6). Let u = f - -1. Let z(n) = n**3 - 3*n**2 + n + 3. What is the units digit of z(u)?
6
Let b be (-12)/10*-5 + -2. Suppose -5*m + m + u + 8 = 0, -4 = 4*m - 4*u. Suppose -w - 2 + 9 = m*n, 2*n + b*w = -12. What is the units digit of n?
4
Suppose 0 = x - 2*t - 3*t + 14, -5*t = -3*x - 22. Let l be 2/x*16/(-1). Suppose -2*g + 6 = -l. What is the units digit of g?
7
Let l(a) = 4*a - 2*a + 2*a. Let s be l(1). Suppose q - s = 1. What is the units digit of q?
5
Let n(h) = -h**3 + 4*h**2 + 4*h - 1. What is the tens digit of n(3)?
2
Let q be 15*(-5 + 3)/(-2). Suppose 4*u - u = q. Suppose 2*z + 2*m = 26, 3*z - u*z = -3*m - 46. What is the tens digit of z?
1
Suppose 3*o = 266 + 124. What is the units digit of o?
0
Let q be ((-36)/30)/(3/(-50)). What is the tens digit of q + ((-4)/(-4) - 3)?
1
Let g(f) = f + 3. What is the tens digit of g(8)?
1
Let o(w) be the third derivative of -w**6/60 - w**5/60 - w**4/8 - w**3/3 + 3*w**2. What is the units digit of o(-2)?
6
Suppose -4*f + v = -v + 12, 3*f = -2*v + 5. What is the units digit of f + -9*(0 + -1)?
8
Let p(d) = d**2 + 8*d + 18. What is the hundreds digit of p(-15)?
1
What is the hundreds digit of (-249)/(-4 - -1*(2 + 1))?
2
Let y(z) = -3 - 8 + 4*z + 0*z. Let c be y(9). Suppose c = 5*w + 2*a - 0*a, -a - 10 = -2*w. What is the units digit of w?
5
What is the tens digit of ((-8)/(-24))/((-1)/(-255))?
8
Let p(l) = -l**3 - 4*l**2 - 4*l. Let r be p(-4). What is the units digit of 135/6*r/12?
0
What is the hundreds digit of (2 + (1 - 1))/((-34)/(-4811))?
2
Suppose -3*c + 27 = 4*y, -2*y - 2*c + c + 11 = 0. Suppose 3*x - y*s = -s + 31, -2*x - 4*s + 42 = 0. What is the tens digit of x?
1
Suppose 5*m - 42 = -7. Let q = m - 3. Suppose 6*o - 14 = q*o. What is the units digit of o?
7
Let u(l) = -l**2 + 4*l + 2. Let z be u(4). Suppose z*f + 2*o - 22 = 0, 4*o = 3*o - 4. What is the units digit of f?
5
Suppose -5*f + 71 = -79. Suppose 7*y + n = 4*y + 34, -5*y + f = -5*n. What is the units digit of y?
0
Suppose 23 = 3*o + 2. Let a(n) = n - 9. Let b be a(o). Let s = b - -4. What is the units digit of s?
2
Let i(k) = k - 14. Let d be i(14). What is the units digit of 0*(1 + d) + 8?
8
Suppose 0 = -5*c + f - 164, 4*c + 108 = -2*f - 3*f. What is the tens digit of -3*(-4)/(-12)*c?
3
Let g = 5 - 3. Suppose -b + 30 = 3*f + 3*b, -2*b + 18 = g*f. What is the units digit of f?
6
Let z(f) = 16*f**3 + f**2 - 1. Let o(x) = -x + 12. Let s be o(11). What is the tens digit of z(s)?
1
Suppose 3*b - 1 = 17. What is the units digit of b?
6
Suppose i + 4*i + 180 = 0. Let h be ((-4)/(-3))/(2/i). Let k = -14 - h. What is the tens digit of k?
1
Suppose 5*i - 305 = 615. What is the hundreds digit of i?
1
What is the tens digit of -28*(-4 + (-7)/(-2))?
1
Suppose -14 + 71 = 3*d. What is the units digit of d?
9
Suppose 4*t + o + 24 = 0, -2*o + 5 - 11 = t. Let y(r) = -r**3 - 7*r**2 - 7*r - 9. Let w be y(t). What is the units digit of 1 + w*2/(-3)?
3
Let g be 208/65 + 2/(-10). Suppose 9 + 3 = 3*z. Suppose -z - g = -o. What is the units digit of o?
7
Let h(a) = -a**2 + 3*a + 143. What is the hundreds digit of h(0)?
1
Let m(b) = 8*b - 4. What is the units digit of m(5)?
6
Let k be -13 - (-1)/(-2)*-2. Let u = k - -53. What is the units digit of u?
1
What is the units digit of (((-1695)/(-10))/3)/((-3)/(-6))?
3
Suppose 0*q = -q + 2. Let y be (0/(0 + q))/2. Let n = 9 + y. What is the units digit of n?
9
Let a(w) = -w**2 - 6*w - 3. Let k be a(-5). Let b be (-60)/(-9)*(1 + k). Suppose -2*r = 2*v - 3*r - 32, 5*r + b = 0. What is the units digit of v?
4
Suppose -5*r - 25 = 0, -4*r = -2*f - r + 11. What is the units digit of (f - -3)*3 - 1?
2
Let v(j) be the first derivative of j**4/4 - 3*j**2/2 + 3*j + 7. What is the units digit of v(3)?
1
Suppose 0 = -365*a + 360*a + 390. What is the tens digit of a?
7
Suppose m + 4 = 4*i, 3*m + 12 = 5*i - 6*i. What is the units digit of 9/(1*(i + 1))?
9
Suppose -5*f - 264 = -f. Let d = f - -100. What is the units digit of d?
4
Suppose 3*l = r - 369, 5*r - 828 = -l + 1033. What is the tens digit of r?
7
Let s(v) = -3*v**2 + 8*v + 1. Let k(u) = -7*u**2 + 17*u + 2. Let m(q) = -6*k(q) + 13*s(q). What is the units digit of m(-3)?
2
Let f(j) = -j**3 + 6*j**2 + 5*j + 9. What is the units digit of f(6)?
9
Let w be 4*1 + (-5)/5. Suppose 0*v + 42 = w*v. Suppose -q + 2 = -v. What is the tens digit of q?
1
What is the units digit of (122/(-6) - 0)/((-24)/432)?
6
Suppose -3*o - o + 16 = 0. Suppose -3*b + 2*b = o. Let t = -3 - b. What is the units digit of t?
1
Let t(j) = j**2 - 3. Let b be t(3). Let p(r) = r**3 - 6*r**2 - r + 6. Let c be p(b). Suppose 0 = u - c*u - 4. What is the units digit of u?
4
Let l = 9 + -19. Let a be (8/l)/(6/(-75)). Let w = 0 + a. What is the tens digit of w?
1
Suppose 0*f = -2*f + 76. What is the tens digit of f?
3
Let o(g) = g - 5. Let q be o(12). Suppose -3*p - 8 = -q*p. What is the tens digit of (-1)/p*(-2 - 22)?
1
Let h = 4 - 4. Suppose 2 = -h*n - n. What is the units digit of (-7)/(-5) - n/(-5)?
1
Let v(l) = l**3 + 12*l**2 + 6*l + 4. What is the units digit of v(-11)?
9
Let q = -5 + 7. Suppose -q*x = -0*x - 56. What is the tens digit of x?
2
Suppose -7*u + 24 = -3*u - 4*l, 0 = l + 5. Let j be (1/(-2))/(u/(-12)). Suppose j*q = q + 40. What is the units digit of q?
8
Suppose -5*t - 29 = -5*k + 3*k, -4*k + 79 = -3*t. What is the tens digit of k?
2
Let n be (-93)/15 + 1/5. What is the units digit of 34 - (n - (-4 + 1))?
7
What is the tens digit of (-81)/(-27) - (0 - 45)?
4
Suppose -6*f + 16 = -2. What is the units digit of f?
3
Let x(j) = 8*j**2 - 9*j + 16. What is the tens digit of x(3)?
6
Let y = -43 - -18. Let h be 10/y + 17/5. Suppose -4*d - a + 6 = -h*a, -4*a + 12 = 4*d. What is the units digit of d?
2
Let i = 49 - -136. What is the units digit of i?
5
Let l(g) = -g**3 - 3*g**2 - 3*g - 4. Let y be l(-3). Suppose -5*p - y*r + 5 = -0*p, 0 = -5*p - 2*r + 8. Suppose -p*d = 3*d - 20. What is the units digit of d?
4
Suppose 8*g - 1356 = -4*g. What is the hundreds digit of g?
1
Suppose 11 + 0 = -3*o - 5*s, 4*o + 4*s + 4 = 0. Let y = 6 - o. Suppose y*q + 5*p = 69 - 27, -4*q + p = -33. What is the units digit of q?
9
Let p(i) = i. Let q be p(2). Let d = 8 - -8. Let m = d + q. What is the units digit of m?
8
Let x(t) = t + 26. What is the units digi